= -6*a + a + 470. Calculate the remainder when a is divided by 32.
30
Let b(j) = 2*j**3 - 31*j**2 + 22*j - 37. Calculate the remainder when b(15) is divided by 18.
14
Let s(r) = r**3 + r**2 + r + 1. Let p(t) = 6*t**3 - 4*t**2 + 14*t - 5. Let k(n) = -p(n) + 5*s(n). Calculate the remainder when k(7) is divided by 12.
9
Let s be 1*15*(-16)/(-6). Let d be 6/(-21) - (-46)/14. Calculate the remainder when s + -2 - (d + -4) is divided by 14.
11
Let x(y) = -2*y**3 - y**2 + y + 1. Let b be x(-1). What is the remainder when (128/(-8))/(-2*b) is divided by 5?
3
Suppose 20 = 3*z - 2*y - 2*y, 5*y = 3*z - 19. Calculate the remainder when (-7 + 4)/(-3)*23 is divided by z.
7
Let q(l) = -l**2 - 6*l + 4. Let v be q(-7). What is the remainder when 1/(3*v/(-261)) is divided by 15?
14
Suppose 0 = -2*d - 4*v - 12, -2*d - v - 13 = -4*d. Suppose d*o - 9*o + 35 = 0. Calculate the remainder when o is divided by 3.
1
Suppose 3*u - 2*b = 32, -2*b + 4*b + 8 = 0. Let y = -19 - -15. Let r = 9 + y. What is the remainder when u is divided by r?
3
Let a(o) = o**3 + 6*o**2 - 10*o - 12. Calculate the remainder when a(-6) is divided by 17.
14
What is the remainder when (-1 - (-988)/14) + 36/(-63) is divided by 18?
15
Let l(k) = -26*k - 15. Calculate the remainder when l(-2) is divided by 14.
9
Let b = -8 - -11. Let y = 29 - -6. Suppose y = 3*h + 8. Calculate the remainder when h is divided by b.
0
Let m = 14 - -30. Let j(o) = 2*o**2 - 11*o + 9. Let h be j(7). Suppose 3*w - w = h. Calculate the remainder when m is divided by w.
14
What is the remainder when -3 + 2 + -5*(0 - 7) is divided by 13?
8
What is the remainder when ((-180)/4)/((-1)/1) is divided by 8?
5
Suppose -3*q = -q + 40. Let c = q - -30. Calculate the remainder when 29 is divided by c.
9
Calculate the remainder when 123 is divided by -3 - (3 + 31)*-1.
30
Let w = 103 + -73. Let x(c) = -c**2 - c + 7. Calculate the remainder when w/(1*3/2) is divided by x(0).
6
Let t = 13 + -9. Suppose -5*c + t = -3*c. Suppose i - h - c*h = 4, 2 = 2*h. What is the remainder when 12 is divided by i?
5
Let w be 6/4 - 54/(-4). Let t = w - -3. Let k = -10 + t. What is the remainder when 31 is divided by k?
7
Calculate the remainder when 17 is divided by (-1)/(0 - 4/24).
5
Let r = 121 - 106. Calculate the remainder when 56 is divided by r.
11
Suppose 5*d = 4*q - 182 + 74, 4*q + d - 84 = 0. Suppose 4*t + 5 = 2*n - 11, 23 = -4*n - 3*t. Calculate the remainder when q is divided by 0 + (3 - -7) + n.
6
Let u = 46 + -26. What is the remainder when 73 is divided by u?
13
Let y be -1 + 2*3/(-6). Calculate the remainder when 3 is divided by y/5 - 7/(-5).
0
Let r = -8 + 14. What is the remainder when r + -7 - (-28 - -1) is divided by 14?
12
Let a be (-55)/15 - (-3)/(-9). Calculate the remainder when 32 is divided by (-12)/(a + 0) - -8.
10
Suppose 2*h - 2*x = 68, 4*h - 2 = 3*x + 129. Calculate the remainder when h is divided by 14.
1
Suppose 12 = w - 1. Calculate the remainder when 1/(-3) - (-1090)/30 is divided by w.
10
Suppose 0 = -p + 2*n + 30, -4*n + 1 = -3. Calculate the remainder when p is divided by 9.
5
Let j = -24 + 41. What is the remainder when 84 is divided by j?
16
Let b be -9 - ((-3)/(-3) - -1). Let s = b + 19. Calculate the remainder when 21 is divided by s.
5
Calculate the remainder when 24 is divided by -14*1/(21/(-6)).
0
Let o(z) = 4*z**2 - 1. Let u(d) = -4*d**3 - 2*d**2 - 2*d - 1. Let m be u(-1). What is the remainder when o(m) is divided by 12?
11
Let j = 54 - 31. Suppose 0 = 3*k + f - 108 - 25, -5*f = -4*k + 190. Calculate the remainder when k is divided by j.
22
Let m(x) = x**2 + 5*x + 4. Calculate the remainder when m(-7) is divided by 7.
4
Let t(s) = -s**3 - s**2 + 8*s - 6. Let x be t(-7). Suppose -h - o = -45, h - 6*h + x = -2*o. Calculate the remainder when h is divided by (-18)/(-8)*48/9.
10
Suppose -h + 5 = 3*b, 2*b + 2*b + 25 = 5*h. Suppose -4*o + 2*s = -9*o + 232, -o - h*s + 28 = 0. What is the remainder when o is divided by 13?
9
Let s = 4 + 0. Suppose -201 = q - s*q. Calculate the remainder when q is divided by 34.
33
Suppose 0*r = 4*u + r - 67, 5*r - 47 = -4*u. What is the remainder when 89 + 3/3 + -1 is divided by u?
17
Suppose 4*w = 4*s + s + 25, 0 = -4*w - 3*s + 49. Suppose -w = -n - n. Suppose -70 = -n*z - 0*z. What is the remainder when 26 is divided by z?
12
Suppose 2*b - 3*c = -2*b + 69, 3*b + 5*c = 59. What is the remainder when 53 is divided by b?
17
Suppose 2*t = -5*v + 112 + 68, -4*t - 5*v = -370. What is the remainder when t is divided by 49?
46
Let f(d) = -d + 28. Let h be f(0). Suppose 5*a + 0*i = 3*i + 34, -h = -5*a + i. Calculate the remainder when a is divided by 2.
1
Suppose 0 = -5*f + 5*r + 155, f - 4 = 5*r + 43. Let h be (-2)/4 + 47/2. Suppose -4*a + 79 = h. What is the remainder when f is divided by a?
13
Suppose -c = -12 - 7. What is the remainder when 35 is divided by c?
16
Let y = 7 + 1. Calculate the remainder when y is divided by 4.
0
Suppose -u + 3 + 21 = 0. What is the remainder when 70 is divided by u?
22
Let g = 224 - 101. Calculate the remainder when g is divided by 32.
27
Let r = 82 - 70. What is the remainder when 12 is divided by r?
0
Let s(y) = -15*y + 2. Let b(o) = o**3 + 6*o**2 + 4*o + 1. Let a be b(-5). Let u = 2 - a. Calculate the remainder when s(u) is divided by 21.
20
Let r(g) = -g - 4. Let n be r(-6). Suppose n*m + 81 + 57 = -2*l, 2*l + m + 137 = 0. Let v = l - -100. What is the remainder when v is divided by 11?
10
Let m = -1 + 17. Suppose -5*b + 2*d - 10 = 0, 3*b + 2*d - 6 - 4 = 0. Let c = b + m. What is the remainder when c is divided by 9?
7
Let m = 8 - 9. Calculate the remainder when (-2*59)/(m + -1) is divided by 15.
14
Let l(f) = -f**3 - 2*f**2 + 13*f + 7. What is the remainder when 61 is divided by l(-5)?
10
Suppose -2*j + 0*j - 3*z - 6 = 0, 0 = -5*j - z + 11. Suppose 3*n - j*a - 90 = 0, a = 3*a - 6. Calculate the remainder when n is divided by (0 - 3/(-2))*6.
6
Let q = 7 - 1. Suppose 2*m - q = -m. What is the remainder when 6 is divided by m?
0
Let i = 437 - 41. Suppose q + 3*q = i. Suppose 0 = 5*p - 16 - q. Calculate the remainder when p is divided by 12.
11
Let u = 38 - 11. Calculate the remainder when u is divided by 6.
3
Let o = 32 - 16. Suppose -5*x + 20 = 0, -3*x - o = -4*q + 4. What is the remainder when 22 is divided by q?
6
Let v be -9*(3 - (6 + -2)). Suppose 25 = 3*j + 4*q - v*q, -4*q + 1 = -j. What is the remainder when j is divided by 9?
6
Suppose 0 = -5*p - 10, -3*n = p + 2*p - 18. Let i = 5 - 13. Calculate the remainder when 0 - 62*4/i is divided by n.
7
Let f = 107 + -57. Suppose -f = -6*n + n. Calculate the remainder when 18 is divided by n.
8
Let a be (-115)/(-20) + 9/(-12). Suppose -5*n - 10 = 0, g + 0 - 10 = -a*n. What is the remainder when 76 is divided by g?
16
Let s(q) = q**3 + 4*q**2 + 2*q - 1. Let z be s(-3). Suppose -v - 9 = -z*v. Let f = -42 - -75. What is the remainder when f is divided by v?
6
Let w be 23/6 + 3/18. Let y(t) = t**2 + 2*t + 4. Calculate the remainder when 53 is divided by y(w).
25
Let v = -19 - -62. Calculate the remainder when v is divided by 23.
20
Suppose 17*u - 13*u = 40. What is the remainder when 76 is divided by u?
6
What is the remainder when (-4 - 1)/(-1)*(44 - -4) is divided by 27?
24
Let c = -15 + 15. Let z = c + 3. What is the remainder when z is divided by 1?
0
Suppose -a + 3*l = -21, -5*l + 125 = 6*a - a. What is the remainder when 579/18 + (-4)/a is divided by 17?
15
Let o(p) be the first derivative of p**3/3 + 3*p**2 - 3*p - 4. Let v be o(-6). What is the remainder when 34/2 + v/(-3) is divided by 5?
3
Let r be 6*(3/(-3))/(-1). Let m(p) = 7*p - 4. Calculate the remainder when m(r) is divided by 13.
12
Let i = -43 + 87. Suppose -l = -2*l + i. What is the remainder when l is divided by 15?
14
Let j be (-14)/(-6) - (-2)/3. Suppose 8 = j*w + 2. Suppose 7*m - w*m = 90. Calculate the remainder when 53 is divided by m.
17
Suppose 4*b + 5*c = -4, 5*c + 7 = -13. Suppose h + 4*h = 190. Suppose 2*q - w - 9 = 0, -h + 13 = 5*w. What is the remainder when b is divided by q?
0
Let w = 6 - -1. What is the remainder when 12 is divided by w?
5
Let m(d) = 2*d**3. Let p(x) = -2*x - 3. Suppose 4*c - 4*h + 4 = 0, 0*h + 1 = 2*c - 5*h. Let n be p(c). What is the remainder when 5 is divided by m(n)?
1
Let u = -5 + 1. Let h(x) = -x